304541 prime?
True
Is 6113 a composite number?
False
Is 29299 a prime number?
False
Is 2209 composite?
True
Is 18671 composite?
False
Is 12055 a prime number?
False
Is 1068941 prime?
True
Is 27327 a prime number?
False
Is 6673 prime?
True
Is 45691 composite?
False
Is 10573 a prime number?
False
Is 85549 composite?
False
Is 1198661 a composite number?
False
Is 178 composite?
True
Is 1350439 composite?
True
Is 7919 a prime number?
True
Is 4393 a composite number?
True
Is 61637 a composite number?
False
Is 2243 a prime number?
True
Is 22006 composite?
True
Is 5261 a composite number?
False
Is 797 composite?
False
Is 2159 a composite number?
True
Is 5965631 composite?
True
Is 8713 composite?
False
Is 52453 composite?
False
Is 16955 prime?
False
Is 8461 prime?
True
Is 17593 composite?
True
Is 574711 prime?
True
Is 234587 composite?
False
Is 45277 prime?
False
Is 364373 composite?
False
Is 634729 a prime number?
False
Is 334259 a prime number?
False
Is 464421 a prime number?
False
Is 148661 a prime number?
False
Is 233407 a composite number?
False
Is 102811 a composite number?
False
Is 420467 a composite number?
False
Is 253349 composite?
False
Is 216877 a composite number?
False
Is 134789 prime?
True
Is 77951 prime?
True
Is 71377 prime?
False
Is 26567 a composite number?
True
Is 1043 a prime number?
False
Is 365201 a prime number?
True
Is 322669 prime?
True
Is 7571 prime?
False
Is 1962079 a composite number?
True
Is 14779 a composite number?
False
Is 279689 a prime number?
True
Is 245503 prime?
False
Is 75059 a composite number?
True
Is 362931 a composite number?
True
Is 3261 composite?
True
Is 90238 a composite number?
True
Is 111 a composite number?
True
Is 1988317 composite?
True
Is 75769 a prime number?
False
Is 311 a composite number?
False
Is 158 prime?
False
Is 70289 prime?
True
Is 7493 prime?
False
Is 52807 a composite number?
False
Is 1477897 prime?
True
Is 292127 prime?
False
Is 3041 a prime number?
True
Is 22051 a composite number?
False
Is 64547 composite?
True
Is 19681 a prime number?
True
Is 1943 a composite number?
True
Is 4511 a prime number?
False
Is 13369 prime?
False
Is 76069 composite?
True
Is 34421 prime?
True
Is 17653 a composite number?
True
Is 17521 composite?
True
Is 20851 composite?
True
Is 20327 composite?
False
Is 922567 composite?
True
Is 360617 composite?
True
Is 144103 prime?
True
Is 451289 composite?
True
Is 1987 composite?
False
Is 11507 a prime number?
False
Is 16771 composite?
True
Is 3666445 a composite number?
True
Is 5385727 composite?
False
Is 86109 composite?
True
Is 1397 composite?
True
Is 10207 prime?
False
Is 667 a prime number?
False
Is 2099 a composite number?
False
Is 464158 a composite number?
True
Is 1187157 a prime number?
False
Is 9461 a prime number?
True
Is 90353 a prime number?
True
Is 3389 composite?
False
Is 2333 prime?
True
Is 36263 prime?
True
Is 830923 prime?
True
Is 50567 a prime number?
False
Is 105847 composite?
True
Is 54097 a composite number?
True
Is 19861 a prime number?
True
Is 57415 a composite number?
True
Is 20649 composite?
True
Is 6159 a composite number?
True
Is 12097 a composite number?
False
Is 66673 a prime number?
False
Is 58 a composite number?
True
Is 4757 composite?
True
Is 90227 a composite number?
False
Is 13499 composite?
False
Is 22141 a prime number?
False
Is 61521 prime?
False
Is 344251 a composite number?
False
Is 121957 composite?
True
Is 205969 a composite number?
True
Is 9667 a composite number?
True
Is 14939 a composite number?
False
Is 459509 prime?
True
Is 1532171 composite?
True
Is 7343 a composite number?
True
Is 145391 prime?
True
Is 123449 prime?
True
Is 587903 a composite number?
True
Is 661321 a prime number?
True
Is 798089 a composite number?
False
Is 19447 a prime number?
True
Is 3916829 composite?
True
Is 47423 composite?
True
Is 285937 prime?
True
Is 120245 a prime number?
False
Is 9722 a prime number?
False
Is 101846 prime?
False
Is 1568635 a composite number?
True
Is 1026479 a composite number?
False
Is 11671 prime?
False
Is 1559473 a composite number?
False
Is 382 composite?
True
Is 23981 a composite number?
False
Is 77449 prime?
False
Is 11665 prime?
False
Is 74771 a prime number?
True
Is 436507 prime?
True
Is 970453 a composite number?
True
Is 25013 prime?
True
Is 204865 a composite number?
True
Is 180479 composite?
True
Is 2644429 prime?
True
Is 23061 composite?
True
Is 289579 a composite number?
True
Is 2152679 prime?
True
Is 1657 a composite number?
False
Is 833581 prime?
False
Is 21259 a composite number?
True
Is 1108397 a composite number?
False
Is 12451 composite?
False
Is 92173 a composite number?
False
Is 102313 composite?
True
Is 26357 a composite number?
False
Is 696607 composite?
False
Is 2039 composite?
False
Is 19167 composite?
True
Is 147503 a prime number?
True
Is 6197 a prime number?
True
Is 1029929 a composite number?
False
Is 525167 prime?
True
Is 5873 a prime number?
False
Is 11303 a composite number?
True
Is 40993 a composite number?
False
Is 93157 a composite number?
True
Is 5747 prime?
False
Is 658109 a prime number?
False
Is 19939 a composite number?
True
Is 680811 a composite number?
True
Is 7453 prime?
False
Is 138449 prime?
True
Is 72307 composite?
False
Is 12193 composite?
True
Is 59002 composite?
True
Is 393539 a prime number?
True
Is 1461 prime?
False
Is 49233 prime?
False
Is 57221 prime?
True
Is 16499 prime?
False
Is 25199 prime?
False
Is 29009 prime?
True
Is 264263 prime?
True
Is 81119 a prime number?
True
Is 14969 a composite number?
False
Is 37703 a composite number?
True
Is 411581 composite?
True
Is 8201 a composite number?
True
Is 4999391 composite?
False
Is 35887 prime?
False
Is 6559 a composite number?
True
Is 43889 a prime number?
True
Is 271749 composite?
True
Is 6467 a prime number?
False
Is 2159 composite?
True
Is 383369 a composite number?
True
Is 52971 prime?
False
Is 1479671 a prime number?
True
Is 778 prime?
False
Is 1069 a prime number?
True
Is 76181 prime?
False
Is 16447 composite?
False
Is 26339 prime?
True
Is 18503 a prime number?
True
Is 34667 a prime number?
True
Is 16877 composite?
True
Is 304627 a prime number?
False
Is 1647353 prime?
True
Is 66821 composite?
False
Is 1883857 a composite number?
False
Is 8261 a composite number?
True
Is 2823 prime?
False
Is 225955 a composite number?
True
Is 5259 composite?
True
Is 269 composite?
False
Is 5938 a prime number?
False
Is 48955 a composite number?
True
Is 196457 composite?
True
Is 43583 composite?
True
Is 330277 a composite number?
True
Is 2340633 prime?
False
Is 757439 composite?
True
Is 93809 prime?
True
Is 166273 composite?
False
Is 5839 a prime number?
True
Is 9409 prime?
False
Is 28097 a prime number?
True
Is 4861 a composite number?
False
Is 2359 composite?
True
Is 295541 composite?
False
Is 579947 a composite number?
False
Is 544535 prime?
False
Is 11903 prime?
True
Is 106203 prime?
False
Is 11777 composite?
False
Is 5207 a prime number?
False
Is 11113 a composite number?
False
Is 63781 a composite number?
False
Is 166673 composite?
True
Is 4091 composite?
False
Is 17165 a prime number?
False
Is 11185 prime?
False
Is 733841 a prime number?
True
Is 15545 composite?
True
Is 26977 composite?
True
Is 583 prime?
False
Is 428801 a prime number?
True
Is 2018353 composite?
True
Is 5731 a composite number?
True
Is 70982 composite?
True
Is 13371 composite?
True
Is 25837 composite?
True
Is 140654 composite?
True
Is 7283 a prime number?
True
Is 141587 composite?
False
Is 3433 a composite number?
False
Is 901 prime?
False
Is 100267 prime?
True
Is 8147 a composite number?
False
Is 393809 prime?
False
Is 20569 composite?
True
Is 1041 a prime number?
False
Is 249877 a prime number?
False
Is 64919 a prime number?
True
Is 3079 a composite number?
False
Is 3353 prime?
False
Is 58447 a prime number?
False
Is 232669 a prime number?
True
Is 94733 a prime number?
False
Is 14969 prime?
True
Is 744313 prime?
True
Is 87739 prime?
True
Is 3817 a composite number?
True
Is 115201 composite?
False
Is 62407 a composite number?
True
Is 1000577 a composite number?
False
Is 26241 composite?
True
Is 406381 a composite number?
False
Is 5153 a prime number?
True
Is 2293 prime?
True
Is 4999 a prime number?
True
Is 61943 prime?
False
Is 739171 prime?
True
Is 628261 compos